{"id":1533,"date":"2023-07-02T12:14:12","date_gmt":"2023-07-02T12:14:12","guid":{"rendered":"https:\/\/baltinvest.pl\/mi9\/?page_id=1533"},"modified":"2024-03-20T15:23:47","modified_gmt":"2024-03-20T15:23:47","slug":"contact","status":"publish","type":"page","link":"https:\/\/baltinvest.pl\/mi9\/en\/contact\/","title":{"rendered":"Contact"},"content":{"rendered":"\t\t<div data-elementor-type=\"wp-page\" data-elementor-id=\"1533\" class=\"elementor elementor-1533\" data-elementor-post-type=\"page\">\n\t\t\t\t\t\t<section class=\"elementor-section elementor-top-section elementor-element elementor-element-6b4cf7d7 elementor-section-boxed elementor-section-height-default elementor-section-height-default\" data-id=\"6b4cf7d7\" data-element_type=\"section\" data-settings=\"{&quot;background_background&quot;:&quot;classic&quot;}\">\n\t\t\t\t\t\t\t<div class=\"elementor-background-overlay\"><\/div>\n\t\t\t\t\t\t\t<div class=\"elementor-container elementor-column-gap-no\">\n\t\t\t\t\t<div class=\"elementor-column elementor-col-100 elementor-top-column elementor-element elementor-element-243aa49c\" data-id=\"243aa49c\" data-element_type=\"column\">\n\t\t\t<div class=\"elementor-widget-wrap elementor-element-populated\">\n\t\t\t\t\t\t<section class=\"elementor-section elementor-inner-section elementor-element elementor-element-303508e7 elementor-section-full_width elementor-section-height-default elementor-section-height-default\" data-id=\"303508e7\" data-element_type=\"section\">\n\t\t\t\t\t\t<div class=\"elementor-container elementor-column-gap-no\">\n\t\t\t\t\t<div class=\"elementor-column elementor-col-100 elementor-inner-column elementor-element elementor-element-106bae17\" data-id=\"106bae17\" data-element_type=\"column\" data-settings=\"{&quot;background_background&quot;:&quot;classic&quot;}\">\n\t\t\t<div class=\"elementor-widget-wrap elementor-element-populated\">\n\t\t\t\t\t\t<div class=\"elementor-element elementor-element-21dce647 elementor-widget elementor-widget-heading\" data-id=\"21dce647\" data-element_type=\"widget\" data-widget_type=\"heading.default\">\n\t\t\t\t<div class=\"elementor-widget-container\">\n\t\t\t\t\t<h2 class=\"elementor-heading-title elementor-size-default\">Investment address<\/h2>\t\t\t\t<\/div>\n\t\t\t\t<\/div>\n\t\t\t\t<div class=\"elementor-element elementor-element-6ac93ef7 elementor-widget elementor-widget-text-editor\" data-id=\"6ac93ef7\" data-element_type=\"widget\" data-widget_type=\"text-editor.default\">\n\t\t\t\t<div class=\"elementor-widget-container\">\n\t\t\t\t\t\t\t\t\t<p>Apartment Mi9<br \/>street. Mielczarskiego 9<br \/>91-046 \u0141\u00f3d\u017a<\/p>\t\t\t\t\t\t\t\t<\/div>\n\t\t\t\t<\/div>\n\t\t\t\t\t<\/div>\n\t\t<\/div>\n\t\t\t\t\t<\/div>\n\t\t<\/section>\n\t\t\t\t\t<\/div>\n\t\t<\/div>\n\t\t\t\t\t<\/div>\n\t\t<\/section>\n\t\t\t\t<section class=\"elementor-section elementor-top-section elementor-element elementor-element-7727a6c0 elementor-section-boxed elementor-section-height-default elementor-section-height-default\" data-id=\"7727a6c0\" data-element_type=\"section\">\n\t\t\t\t\t\t\t<div class=\"elementor-background-overlay\"><\/div>\n\t\t\t\t\t\t\t<div class=\"elementor-container elementor-column-gap-no\">\n\t\t\t\t\t<div class=\"elementor-column elementor-col-100 elementor-top-column elementor-element elementor-element-46a12846\" data-id=\"46a12846\" data-element_type=\"column\">\n\t\t\t<div class=\"elementor-widget-wrap elementor-element-populated\">\n\t\t\t\t\t\t<div class=\"elementor-element elementor-element-26d5a0e8 elementor-widget elementor-widget-heading\" data-id=\"26d5a0e8\" data-element_type=\"widget\" data-widget_type=\"heading.default\">\n\t\t\t\t<div class=\"elementor-widget-container\">\n\t\t\t\t\t<h2 class=\"elementor-heading-title elementor-size-default\">DO YOU HAVE ANY QUESTIONS? WRITE TO US.\u200b<\/h2>\t\t\t\t<\/div>\n\t\t\t\t<\/div>\n\t\t\t\t\t<\/div>\n\t\t<\/div>\n\t\t\t\t\t<\/div>\n\t\t<\/section>\n\t\t\t\t<section class=\"elementor-section elementor-top-section elementor-element elementor-element-3abc77ea elementor-section-boxed elementor-section-height-default elementor-section-height-default\" data-id=\"3abc77ea\" data-element_type=\"section\" data-settings=\"{&quot;background_background&quot;:&quot;classic&quot;}\">\n\t\t\t\t\t\t<div class=\"elementor-container elementor-column-gap-default\">\n\t\t\t\t\t<div class=\"elementor-column elementor-col-100 elementor-top-column elementor-element elementor-element-45945cbd\" data-id=\"45945cbd\" data-element_type=\"column\">\n\t\t\t<div class=\"elementor-widget-wrap elementor-element-populated\">\n\t\t\t\t\t\t<section class=\"elementor-section elementor-inner-section elementor-element elementor-element-17269e0b elementor-section-full_width elementor-section-height-default elementor-section-height-default\" data-id=\"17269e0b\" data-element_type=\"section\">\n\t\t\t\t\t\t<div class=\"elementor-container elementor-column-gap-default\">\n\t\t\t\t\t<div class=\"elementor-column elementor-col-100 elementor-inner-column elementor-element elementor-element-7d8cbb1d\" data-id=\"7d8cbb1d\" data-element_type=\"column\">\n\t\t\t<div class=\"elementor-widget-wrap elementor-element-populated\">\n\t\t\t\t\t\t<div class=\"elementor-element elementor-element-01cbf46 premium-cf7-button-fwidth-yes elementor-widget elementor-widget-premium-contact-form\" data-id=\"01cbf46\" data-element_type=\"widget\" data-widget_type=\"premium-contact-form.default\">\n\t\t\t\t<div class=\"elementor-widget-container\">\n\t\t\t\t\t\n\t\t\t\n\t\t\t<div class=\"premium-cf7-container\" data-settings=\"{&quot;fields_glass&quot;:&quot;none&quot;,&quot;submit_glass&quot;:&quot;none&quot;}\">\n\t\t\t\t\n<div class=\"wpcf7 no-js\" id=\"wpcf7-f2762-o1\" lang=\"pl-PL\" dir=\"ltr\" data-wpcf7-id=\"2762\">\n<div class=\"screen-reader-response\"><p role=\"status\" aria-live=\"polite\" aria-atomic=\"true\"><\/p> <ul><\/ul><\/div>\n<form action=\"\/mi9\/wp-json\/wp\/v2\/pages\/1533#wpcf7-f2762-o1\" method=\"post\" class=\"wpcf7-form init\" aria-label=\"Formularz kontaktowy\" novalidate=\"novalidate\" data-status=\"init\">\n<fieldset class=\"hidden-fields-container\"><input type=\"hidden\" name=\"_wpcf7\" value=\"2762\" \/><input type=\"hidden\" name=\"_wpcf7_version\" value=\"6.1.4\" \/><input type=\"hidden\" name=\"_wpcf7_locale\" value=\"pl_PL\" \/><input type=\"hidden\" name=\"_wpcf7_unit_tag\" value=\"wpcf7-f2762-o1\" \/><input type=\"hidden\" name=\"_wpcf7_container_post\" value=\"0\" \/><input type=\"hidden\" name=\"_wpcf7_posted_data_hash\" value=\"\" \/><input type=\"hidden\" name=\"_wpcf7_recaptcha_response\" value=\"\" \/>\n<\/fieldset>\n<input class=\"wpcf7-form-control wpcf7-hidden\" id=\"utm_source\" value=\"\" type=\"hidden\" name=\"utm_source\" \/>\n<div class=\"row-form\">\n\t<div class=\"col-1\">\n\t\t<p><span class=\"wpcf7-form-control-wrap\" data-name=\"imie\"><input size=\"40\" maxlength=\"400\" class=\"wpcf7-form-control wpcf7-text wpcf7-validates-as-required f-text input-bottom-line\" aria-required=\"true\" aria-invalid=\"false\" placeholder=\"Full Name\" value=\"\" type=\"text\" name=\"imie\" \/><\/span>\n\t\t<\/p>\n\t<\/div>\n\t<div class=\"col-2\">\n\t\t<p><span class=\"wpcf7-form-control-wrap\" data-name=\"email\"><input size=\"40\" maxlength=\"400\" class=\"wpcf7-form-control wpcf7-email wpcf7-validates-as-required wpcf7-text wpcf7-validates-as-email f-email input-bottom-line\" aria-required=\"true\" aria-invalid=\"false\" placeholder=\"Email\" value=\"\" type=\"email\" name=\"email\" \/><\/span>\n\t\t<\/p>\n\t<\/div>\n\t<div class=\"col-2\">\n\t\t<p><span class=\"wpcf7-form-control-wrap\" data-name=\"tel\"><input size=\"40\" maxlength=\"400\" class=\"wpcf7-form-control wpcf7-tel wpcf7-validates-as-required wpcf7-text wpcf7-validates-as-tel f-phone input-bottom-line\" aria-required=\"true\" aria-invalid=\"false\" placeholder=\"Phone\" value=\"\" type=\"tel\" name=\"tel\" \/><\/span>\n\t\t<\/p>\n\t<\/div>\n\t<div class=\"col-1\">\n\t\t<p><span class=\"wpcf7-form-control-wrap\" data-name=\"tresc\"><textarea cols=\"40\" rows=\"10\" maxlength=\"2000\" class=\"wpcf7-form-control wpcf7-textarea wpcf7-validates-as-required\" aria-required=\"true\" aria-invalid=\"false\" name=\"tresc\">Your message...<\/textarea><\/span>\n\t\t<\/p>\n\t<\/div>\n\t<div class=\"col-1\">\n\t\t<div class=\"checkbox-box zd\">\n\t\t\t<div class=\"check-link\">\n\t\t\t\t<p><span class=\"wpcf7-form-control-wrap\" data-name=\"polityka-pywatnosci\"><span class=\"wpcf7-form-control wpcf7-checkbox wpcf7-validates-as-required\"><span class=\"wpcf7-list-item first last\"><label><input type=\"checkbox\" name=\"polityka-pywatnosci[]\" value=\"I declare that I have read the privacy policy and accept it\" \/><span class=\"wpcf7-list-item-label\">I declare that I have read the privacy policy and accept it<\/span><\/label><\/span><\/span><\/span><a href=\"https:\/\/baltinvest.pl\/mi9\/en\/privacy-policy\/\">Privacy Policy* <\/a>\n\t\t\t\t<\/p>\n\t\t\t<\/div>\n\t\t\t<div class=\"check-link\">\n\t\t\t\t<p><span class=\"wpcf7-form-control-wrap\" data-name=\"checkbox-rodo\"><span class=\"wpcf7-form-control wpcf7-checkbox wpcf7-validates-as-required\"><span class=\"wpcf7-list-item first last\"><label><input type=\"checkbox\" name=\"checkbox-rodo[]\" value=\"I consent to the processing of my personal data for the purpose of preparing and presenting an offer by Balt Invest Sp. z o. o.\" \/><span class=\"wpcf7-list-item-label\">I consent to the processing of my personal data for the purpose of preparing and presenting an offer by Balt Invest Sp. z o. o.<\/span><\/label><\/span><\/span><\/span><a href=\"https:\/\/baltinvest.pl\/mi9\/en\/gdpr\/\">Information regarding personal data<\/a>\n\t\t\t\t<\/p>\n\t\t\t<\/div>\n\t\t\t<p><span class=\"wpcf7-form-control-wrap\" data-name=\"checkbox-mail\"><span class=\"wpcf7-form-control wpcf7-checkbox\"><span class=\"wpcf7-list-item first last\"><label><input type=\"checkbox\" name=\"checkbox-mail[]\" value=\"I consent to receiving commercial information via e-mail to the e-mail address provided by me.\" \/><span class=\"wpcf7-list-item-label\">I consent to receiving commercial information via e-mail to the e-mail address provided by me.<\/span><\/label><\/span><\/span><\/span><br \/>\n<span class=\"wpcf7-form-control-wrap\" data-name=\"checkbox-tel\"><span class=\"wpcf7-form-control wpcf7-checkbox\"><span class=\"wpcf7-list-item first last\"><label><input type=\"checkbox\" name=\"checkbox-tel[]\" value=\"I consent to receiving commercial information by telephone to the telephone number provided by me.\" \/><span class=\"wpcf7-list-item-label\">I consent to receiving commercial information by telephone to the telephone number provided by me.<\/span><\/label><\/span><\/span><\/span>\n\t\t\t<\/p>\n\t\t<\/div>\n\t<\/div>\n\t<div class=\"col-1\">\n\t\t<p><input class=\"wpcf7-form-control wpcf7-submit has-spinner\" type=\"submit\" value=\"Send Message\" \/>\n\t\t<\/p>\n\t<\/div>\n<\/div><p style=\"display: none !important;\" class=\"akismet-fields-container\" data-prefix=\"_wpcf7_ak_\"><label>&#916;<textarea name=\"_wpcf7_ak_hp_textarea\" cols=\"45\" rows=\"8\" maxlength=\"100\"><\/textarea><\/label><input type=\"hidden\" id=\"ak_js_1\" name=\"_wpcf7_ak_js\" value=\"151\"\/><script>document.getElementById( \"ak_js_1\" ).setAttribute( \"value\", ( new Date() ).getTime() );<\/script><\/p><div class=\"wpcf7-response-output\" aria-hidden=\"true\"><\/div>\n<\/form>\n<\/div>\n\t\t\t<\/div>\n\n\t\t\t\t\t\t\t<\/div>\n\t\t\t\t<\/div>\n\t\t\t\t\t<\/div>\n\t\t<\/div>\n\t\t\t\t\t<\/div>\n\t\t<\/section>\n\t\t\t\t\t<\/div>\n\t\t<\/div>\n\t\t\t\t\t<\/div>\n\t\t<\/section>\n\t\t\t\t<section class=\"elementor-section elementor-top-section elementor-element elementor-element-2050cc83 elementor-section-boxed elementor-section-height-default elementor-section-height-default\" data-id=\"2050cc83\" data-element_type=\"section\">\n\t\t\t\t\t\t\t<div class=\"elementor-background-overlay\"><\/div>\n\t\t\t\t\t\t\t<div class=\"elementor-container elementor-column-gap-no\">\n\t\t\t\t\t<div class=\"elementor-column elementor-col-100 elementor-top-column elementor-element elementor-element-35c70ae7\" data-id=\"35c70ae7\" data-element_type=\"column\">\n\t\t\t<div class=\"elementor-widget-wrap elementor-element-populated\">\n\t\t\t\t\t\t<div class=\"elementor-element elementor-element-37214cc5 elementor-widget elementor-widget-heading\" data-id=\"37214cc5\" data-element_type=\"widget\" data-widget_type=\"heading.default\">\n\t\t\t\t<div class=\"elementor-widget-container\">\n\t\t\t\t\t<h2 class=\"elementor-heading-title elementor-size-default\">OR CALL\u200b<\/h2>\t\t\t\t<\/div>\n\t\t\t\t<\/div>\n\t\t\t\t<div class=\"elementor-element elementor-element-821c91b elementor-widget elementor-widget-heading\" data-id=\"821c91b\" data-element_type=\"widget\" data-widget_type=\"heading.default\">\n\t\t\t\t<div class=\"elementor-widget-container\">\n\t\t\t\t\t<h2 class=\"elementor-heading-title elementor-size-default\">+48 788 880 058<\/h2>\t\t\t\t<\/div>\n\t\t\t\t<\/div>\n\t\t\t\t\t<\/div>\n\t\t<\/div>\n\t\t\t\t\t<\/div>\n\t\t<\/section>\n\t\t\t\t<\/div>\n\t\t","protected":false},"excerpt":{"rendered":"<p>Investment address Apartment Mi9street. Mielczarskiego 991-046 \u0141\u00f3d\u017a DO YOU HAVE ANY QUESTIONS? WRITE TO US.\u200b Your message&#8230; I declare that I have read the privacy policy and accept itPrivacy Policy* I consent to the processing of my personal data for the purpose of preparing and presenting an offer by Balt Invest Sp. z o. o.Information [&hellip;]<\/p>\n","protected":false},"author":6,"featured_media":1884,"parent":0,"menu_order":0,"comment_status":"closed","ping_status":"closed","template":"elementor_header_footer","meta":{"_acf_changed":false,"inline_featured_image":false,"footnotes":""},"class_list":["post-1533","page","type-page","status-publish","has-post-thumbnail","hentry"],"acf":[],"yoast_head":"<!-- This site is optimized with the Yoast SEO plugin v26.8 - https:\/\/yoast.com\/product\/yoast-seo-wordpress\/ -->\n<title>Contact - BLISKO LUDZI, BLISKO MIASTA - Mieszkania w \u0141odzi<\/title>\n<meta name=\"robots\" content=\"index, follow, max-snippet:-1, max-image-preview:large, max-video-preview:-1\" \/>\n<link rel=\"canonical\" href=\"https:\/\/baltinvest.pl\/mi9\/en\/contact\/\" \/>\n<meta property=\"og:locale\" content=\"pl_PL\" \/>\n<meta property=\"og:type\" content=\"article\" \/>\n<meta property=\"og:title\" content=\"Contact - BLISKO LUDZI, BLISKO MIASTA - Mieszkania w \u0141odzi\" \/>\n<meta property=\"og:description\" content=\"Investment address Apartment Mi9street. Mielczarskiego 991-046 \u0141\u00f3d\u017a DO YOU HAVE ANY QUESTIONS? WRITE TO US.\u200b Your message&#8230; I declare that I have read the privacy policy and accept itPrivacy Policy* I consent to the processing of my personal data for the purpose of preparing and presenting an offer by Balt Invest Sp. z o. o.Information [&hellip;]\" \/>\n<meta property=\"og:url\" content=\"https:\/\/baltinvest.pl\/mi9\/en\/contact\/\" \/>\n<meta property=\"og:site_name\" content=\"BLISKO LUDZI, BLISKO MIASTA - Mieszkania w \u0141odzi\" \/>\n<meta property=\"article:modified_time\" content=\"2024-03-20T15:23:47+00:00\" \/>\n<meta property=\"og:image\" content=\"https:\/\/baltinvest.pl\/mi9\/wp-content\/uploads\/2023\/07\/AnyConv.com__mi9_mieszkania-lodz-3-min-1.webp\" \/>\n\t<meta property=\"og:image:width\" content=\"1922\" \/>\n\t<meta property=\"og:image:height\" content=\"1358\" \/>\n\t<meta property=\"og:image:type\" content=\"image\/webp\" \/>\n<meta name=\"twitter:card\" content=\"summary_large_image\" \/>\n<meta name=\"twitter:label1\" content=\"Szacowany czas czytania\" \/>\n\t<meta name=\"twitter:data1\" content=\"1 minuta\" \/>\n<script type=\"application\/ld+json\" class=\"yoast-schema-graph\">{\"@context\":\"https:\/\/schema.org\",\"@graph\":[{\"@type\":\"WebPage\",\"@id\":\"https:\/\/baltinvest.pl\/mi9\/en\/contact\/\",\"url\":\"https:\/\/baltinvest.pl\/mi9\/en\/contact\/\",\"name\":\"Contact - BLISKO LUDZI, BLISKO MIASTA - Mieszkania w \u0141odzi\",\"isPartOf\":{\"@id\":\"https:\/\/baltinvest.pl\/mi9\/#website\"},\"primaryImageOfPage\":{\"@id\":\"https:\/\/baltinvest.pl\/mi9\/en\/contact\/#primaryimage\"},\"image\":{\"@id\":\"https:\/\/baltinvest.pl\/mi9\/en\/contact\/#primaryimage\"},\"thumbnailUrl\":\"https:\/\/baltinvest.pl\/mi9\/wp-content\/uploads\/2023\/07\/AnyConv.com__mi9_mieszkania-lodz-3-min-1.webp\",\"datePublished\":\"2023-07-02T12:14:12+00:00\",\"dateModified\":\"2024-03-20T15:23:47+00:00\",\"breadcrumb\":{\"@id\":\"https:\/\/baltinvest.pl\/mi9\/en\/contact\/#breadcrumb\"},\"inLanguage\":\"pl-PL\",\"potentialAction\":[{\"@type\":\"ReadAction\",\"target\":[\"https:\/\/baltinvest.pl\/mi9\/en\/contact\/\"]}]},{\"@type\":\"ImageObject\",\"inLanguage\":\"pl-PL\",\"@id\":\"https:\/\/baltinvest.pl\/mi9\/en\/contact\/#primaryimage\",\"url\":\"https:\/\/baltinvest.pl\/mi9\/wp-content\/uploads\/2023\/07\/AnyConv.com__mi9_mieszkania-lodz-3-min-1.webp\",\"contentUrl\":\"https:\/\/baltinvest.pl\/mi9\/wp-content\/uploads\/2023\/07\/AnyConv.com__mi9_mieszkania-lodz-3-min-1.webp\",\"width\":1922,\"height\":1358},{\"@type\":\"BreadcrumbList\",\"@id\":\"https:\/\/baltinvest.pl\/mi9\/en\/contact\/#breadcrumb\",\"itemListElement\":[{\"@type\":\"ListItem\",\"position\":1,\"name\":\"Strona g\u0142\u00f3wna\",\"item\":\"https:\/\/baltinvest.pl\/mi9\/\"},{\"@type\":\"ListItem\",\"position\":2,\"name\":\"Contact\"}]},{\"@type\":\"WebSite\",\"@id\":\"https:\/\/baltinvest.pl\/mi9\/#website\",\"url\":\"https:\/\/baltinvest.pl\/mi9\/\",\"name\":\"BLISKO LUDZI, BLISKO MIASTA - Mieszkania w \u0141odzi\",\"description\":\"\",\"potentialAction\":[{\"@type\":\"SearchAction\",\"target\":{\"@type\":\"EntryPoint\",\"urlTemplate\":\"https:\/\/baltinvest.pl\/mi9\/?s={search_term_string}\"},\"query-input\":{\"@type\":\"PropertyValueSpecification\",\"valueRequired\":true,\"valueName\":\"search_term_string\"}}],\"inLanguage\":\"pl-PL\"}]}<\/script>\n<!-- \/ Yoast SEO plugin. -->","yoast_head_json":{"title":"Contact - BLISKO LUDZI, BLISKO MIASTA - Mieszkania w \u0141odzi","robots":{"index":"index","follow":"follow","max-snippet":"max-snippet:-1","max-image-preview":"max-image-preview:large","max-video-preview":"max-video-preview:-1"},"canonical":"https:\/\/baltinvest.pl\/mi9\/en\/contact\/","og_locale":"pl_PL","og_type":"article","og_title":"Contact - BLISKO LUDZI, BLISKO MIASTA - Mieszkania w \u0141odzi","og_description":"Investment address Apartment Mi9street. Mielczarskiego 991-046 \u0141\u00f3d\u017a DO YOU HAVE ANY QUESTIONS? WRITE TO US.\u200b Your message&#8230; I declare that I have read the privacy policy and accept itPrivacy Policy* I consent to the processing of my personal data for the purpose of preparing and presenting an offer by Balt Invest Sp. z o. o.Information [&hellip;]","og_url":"https:\/\/baltinvest.pl\/mi9\/en\/contact\/","og_site_name":"BLISKO LUDZI, BLISKO MIASTA - Mieszkania w \u0141odzi","article_modified_time":"2024-03-20T15:23:47+00:00","og_image":[{"width":1922,"height":1358,"url":"https:\/\/baltinvest.pl\/mi9\/wp-content\/uploads\/2023\/07\/AnyConv.com__mi9_mieszkania-lodz-3-min-1.webp","type":"image\/webp"}],"twitter_card":"summary_large_image","twitter_misc":{"Szacowany czas czytania":"1 minuta"},"schema":{"@context":"https:\/\/schema.org","@graph":[{"@type":"WebPage","@id":"https:\/\/baltinvest.pl\/mi9\/en\/contact\/","url":"https:\/\/baltinvest.pl\/mi9\/en\/contact\/","name":"Contact - BLISKO LUDZI, BLISKO MIASTA - Mieszkania w \u0141odzi","isPartOf":{"@id":"https:\/\/baltinvest.pl\/mi9\/#website"},"primaryImageOfPage":{"@id":"https:\/\/baltinvest.pl\/mi9\/en\/contact\/#primaryimage"},"image":{"@id":"https:\/\/baltinvest.pl\/mi9\/en\/contact\/#primaryimage"},"thumbnailUrl":"https:\/\/baltinvest.pl\/mi9\/wp-content\/uploads\/2023\/07\/AnyConv.com__mi9_mieszkania-lodz-3-min-1.webp","datePublished":"2023-07-02T12:14:12+00:00","dateModified":"2024-03-20T15:23:47+00:00","breadcrumb":{"@id":"https:\/\/baltinvest.pl\/mi9\/en\/contact\/#breadcrumb"},"inLanguage":"pl-PL","potentialAction":[{"@type":"ReadAction","target":["https:\/\/baltinvest.pl\/mi9\/en\/contact\/"]}]},{"@type":"ImageObject","inLanguage":"pl-PL","@id":"https:\/\/baltinvest.pl\/mi9\/en\/contact\/#primaryimage","url":"https:\/\/baltinvest.pl\/mi9\/wp-content\/uploads\/2023\/07\/AnyConv.com__mi9_mieszkania-lodz-3-min-1.webp","contentUrl":"https:\/\/baltinvest.pl\/mi9\/wp-content\/uploads\/2023\/07\/AnyConv.com__mi9_mieszkania-lodz-3-min-1.webp","width":1922,"height":1358},{"@type":"BreadcrumbList","@id":"https:\/\/baltinvest.pl\/mi9\/en\/contact\/#breadcrumb","itemListElement":[{"@type":"ListItem","position":1,"name":"Strona g\u0142\u00f3wna","item":"https:\/\/baltinvest.pl\/mi9\/"},{"@type":"ListItem","position":2,"name":"Contact"}]},{"@type":"WebSite","@id":"https:\/\/baltinvest.pl\/mi9\/#website","url":"https:\/\/baltinvest.pl\/mi9\/","name":"BLISKO LUDZI, BLISKO MIASTA - Mieszkania w \u0141odzi","description":"","potentialAction":[{"@type":"SearchAction","target":{"@type":"EntryPoint","urlTemplate":"https:\/\/baltinvest.pl\/mi9\/?s={search_term_string}"},"query-input":{"@type":"PropertyValueSpecification","valueRequired":true,"valueName":"search_term_string"}}],"inLanguage":"pl-PL"}]}},"_links":{"self":[{"href":"https:\/\/baltinvest.pl\/mi9\/wp-json\/wp\/v2\/pages\/1533","targetHints":{"allow":["GET"]}}],"collection":[{"href":"https:\/\/baltinvest.pl\/mi9\/wp-json\/wp\/v2\/pages"}],"about":[{"href":"https:\/\/baltinvest.pl\/mi9\/wp-json\/wp\/v2\/types\/page"}],"author":[{"embeddable":true,"href":"https:\/\/baltinvest.pl\/mi9\/wp-json\/wp\/v2\/users\/6"}],"replies":[{"embeddable":true,"href":"https:\/\/baltinvest.pl\/mi9\/wp-json\/wp\/v2\/comments?post=1533"}],"version-history":[{"count":20,"href":"https:\/\/baltinvest.pl\/mi9\/wp-json\/wp\/v2\/pages\/1533\/revisions"}],"predecessor-version":[{"id":2781,"href":"https:\/\/baltinvest.pl\/mi9\/wp-json\/wp\/v2\/pages\/1533\/revisions\/2781"}],"wp:featuredmedia":[{"embeddable":true,"href":"https:\/\/baltinvest.pl\/mi9\/wp-json\/wp\/v2\/media\/1884"}],"wp:attachment":[{"href":"https:\/\/baltinvest.pl\/mi9\/wp-json\/wp\/v2\/media?parent=1533"}],"curies":[{"name":"wp","href":"https:\/\/api.w.org\/{rel}","templated":true}]}}