{"id":936,"date":"2025-02-25T16:07:14","date_gmt":"2025-02-25T15:07:14","guid":{"rendered":"http:\/\/localhost\/lavieart\/?page_id=936"},"modified":"2025-02-26T09:42:31","modified_gmt":"2025-02-26T08:42:31","slug":"polityka","status":"publish","type":"page","link":"https:\/\/baltinvest.pl\/la-vie-art\/polityka\/","title":{"rendered":"Polityka prywatno\u015bci"},"content":{"rendered":"\n<div class=\"block-editor \">\n    <div class=\"wrapEditor\">\n        <ol>\n<li><strong>DEFINICJE<\/strong>\n<ol>\n<li><strong>Administrator <\/strong>\u2013 AQUILA Development Sp. z&nbsp;o.o., ul. Mielczarskiego 9 \/ U1, 91-067 \u0141\u00f3d\u017a. Z Administratorem mo\u017ce si\u0119 Pani\/Pan skontaktowa\u0107 si\u0119 poprzez adres e-mail: <a href=\"mailto:rodo@lavieart.pl\">rodo@lavieart.pl<\/a>, telefonicznie: tel. 604 283 364 lub&nbsp;pisemnie na&nbsp;adres korespondencyjny Administratora.<\/li>\n<li><strong>Dane osobowe \u2013 <\/strong>informacje o&nbsp;osobie fizycznej zidentyfikowanej lub&nbsp;mo\u017cliwej do&nbsp;zidentyfikowania poprzez jeden b\u0105d\u017a&nbsp;kilka szczeg\u00f3lnych czynnik\u00f3w okre\u015blaj\u0105cych fizyczn\u0105, fizjologiczn\u0105, genetyczn\u0105, psychiczn\u0105, ekonomiczn\u0105, kulturow\u0105 lub&nbsp;spo\u0142eczn\u0105 to\u017csamo\u015b\u0107, w&nbsp;tym IP urz\u0105dzenia, dane o&nbsp;lokalizacji, identyfikator internetowy oraz&nbsp;informacje gromadzone za&nbsp;po\u015brednictwem plik\u00f3w cookie oraz&nbsp;innej podobnej technologii.<\/li>\n<li><strong>Polityka \u2013 <\/strong>niniejsza Polityka prywatno\u015bci.<\/li>\n<li><strong>RODO \u2013 <\/strong>Rozporz\u0105dzenie Parlamentu Europejskiego i&nbsp;Rady (UE) 2016\/679 z&nbsp;dnia 27 kwietnia 2016 r. w&nbsp;sprawie ochrony os\u00f3b fizycznych w&nbsp;zwi\u0105zku z&nbsp;przetwarzaniem danych osobowych i&nbsp;w sprawie swobodnego przep\u0142ywu takich danych oraz&nbsp;uchylenia dyrektywy 95\/46\/WE.<\/li>\n<li><strong>Serwis \u2013 <\/strong>serwis internetowy prowadzony przez&nbsp;Administratora pod&nbsp;adresem \u00a0https:\/\/baltinvest.pl\/la-vie-art\/.<\/li>\n<li><strong>U\u017cytkownik \u2013 <\/strong>ka\u017cda osoba fizyczna odwiedzaj\u0105ca Serwis lub&nbsp;korzystaj\u0105ca z&nbsp;jednej albo&nbsp;kilku us\u0142ug czy&nbsp;funkcjonalno\u015bci opisanych w&nbsp;Polityce.<\/li>\n<\/ol>\n<\/li>\n<li><strong>PRZETWARZANIE DANYCH W ZWI\u0104ZKU Z KORZYSTANIEM Z SERWISU<\/strong>\n<ol>\n<li>W zwi\u0105zku z&nbsp;korzystaniem przez&nbsp;U\u017cytkownika z&nbsp;Serwisu Administrator zbiera dane w&nbsp;zakresie niezb\u0119dnym do&nbsp;\u015bwiadczenia poszczeg\u00f3lnych oferowanych us\u0142ug, a&nbsp;tak\u017ce informacje o&nbsp;aktywno\u015bci U\u017cytkownika w&nbsp;Serwisie. Poni\u017cej zosta\u0142y opisane szczeg\u00f3\u0142owe zasady oraz&nbsp;cele przetwarzania danych osobowych gromadzonych podczas korzystania z&nbsp;Serwisu przez&nbsp;U\u017cytkownika.<\/li>\n<\/ol>\n<\/li>\n<li><strong>CELE I PODSTAWY PRAWNE PRZETWARZANIA DANYCH W SERWISIE<\/strong><strong>KORZYSTANIE Z SERWISU<\/strong>\n<ol>\n<li>Dane osobowe wszystkich os\u00f3b korzystaj\u0105cych z&nbsp;Serwisu (w tym adres IP lub&nbsp;inne identyfikatory oraz&nbsp;informacje gromadzone za&nbsp;po\u015brednictwem plik\u00f3w cookies czy&nbsp;innych podobnych technologii), przetwarzane s\u0105 przez&nbsp;Administratora:\n<ol>\n<li>w&nbsp;celu \u015bwiadczenia us\u0142ug drog\u0105 elektroniczn\u0105 w&nbsp;zakresie udost\u0119pniania U\u017cytkownikom tre\u015bci gromadzonych w&nbsp;Serwisie \u2013 w\u00f3wczas podstaw\u0105 prawn\u0105 przetwarzania jest niezb\u0119dno\u015b\u0107 przetwarzania do&nbsp;wykonania umowy lub&nbsp;do&nbsp;podj\u0119cia dzia\u0142a\u0144 przed jej zawarciem (art. 6 ust. 1 lit. b oraz&nbsp;f RODO), odr\u0119bnie dla&nbsp;celu:<br \/>\n&#8211; obs\u0142ugi zapyta\u0144 przez&nbsp;formularze dost\u0119pne w&nbsp;Serwisie;<br \/>\n&#8211; prezentacja oferty lub&nbsp;informacji;<br \/>\n&#8211; realizacj\u0119 zam\u00f3wionych us\u0142ug;<br \/>\n&#8211; prowadzenie marketingu bezpo\u015bredniego;<\/li>\n<li>w&nbsp;celach analitycznych i&nbsp;statystycznych \u2013 w\u00f3wczas podstaw\u0105 prawn\u0105 przetwarzania jest prawnie uzasadniony interes Administratora (art. 6 ust. 1 lit. f RODO), polegaj\u0105cy na&nbsp;prowadzeniu analiz aktywno\u015bci U\u017cytkownik\u00f3w, a&nbsp;tak\u017ce ich preferencji w&nbsp;celu poprawy stosowanych funkcjonalno\u015bci i&nbsp;\u015bwiadczonych us\u0142ug;<\/li>\n<li>w&nbsp;celu ewentualnego ustalenia i&nbsp;dochodzenia roszcze\u0144 lub&nbsp;obrony przed roszczeniami \u2013 podstaw\u0105 prawn\u0105 przetwarzania jest prawnie uzasadniony interes Administratora (art. 6 ust. 1 lit. f RODO), polegaj\u0105cy na&nbsp;ochronie jego praw;<\/li>\n<li>w&nbsp;celach marketingowych Administratora, w&nbsp;szczeg\u00f3lno\u015bci zwi\u0105zanych z&nbsp;prezentowaniem reklamy behawioralnej \u2013 zasady przetwarzania danych osobowych w&nbsp;celach marketingowych zosta\u0142y opisane w&nbsp;sekcji MARKETING.<\/li>\n<\/ol>\n<\/li>\n<li>Aktywno\u015b\u0107 U\u017cytkownika w&nbsp;Serwisie, w&nbsp;tym jego dane osobowe, s\u0105 rejestrowane w&nbsp;logach systemowych (specjalnym programie komputerowym s\u0142u\u017c\u0105cym do&nbsp;przechowywania chronologicznego zapisu zawieraj\u0105cego informacj\u0119 o&nbsp;zdarzeniach i&nbsp;dzia\u0142aniach, kt\u00f3re dotycz\u0105 systemu informatycznego s\u0142u\u017c\u0105cego do&nbsp;\u015bwiadczenia us\u0142ug przez&nbsp;Administratora). Zebrane w&nbsp;logach informacje przetwarzane s\u0105 przede wszystkim w&nbsp;celach zwi\u0105zanych ze \u015bwiadczeniem us\u0142ug. Administrator przetwarza je r\u00f3wnie\u017c w&nbsp;celach technicznych, administracyjnych, na&nbsp;potrzeby zapewnienia bezpiecze\u0144stwa systemu informatycznego oraz&nbsp;zarz\u0105dzania tym systemem, a&nbsp;tak\u017ce w&nbsp;celach analitycznych i&nbsp;statystycznych \u2013 w&nbsp;tym zakresie podstaw\u0105 prawn\u0105 przetwarzania jest prawnie uzasadniony interes Administratora (art. 6 ust. 1 lit. f RODO).<\/li>\n<\/ol>\n<\/li>\n<li><strong>MARKETING<\/strong>\n<ol>\n<li>Administrator przetwarza Dane osobowe U\u017cytkownik\u00f3w w&nbsp;celu realizowania dzia\u0142a\u0144 marketingowych, kt\u00f3re mog\u0105 polega\u0107 na:\n<ol>\n<li>wy\u015bwietlaniu U\u017cytkownikowi tre\u015bci marketingowych odpowiadaj\u0105cych jego zainteresowaniom (reklama behawioralna);<\/li>\n<li>kierowaniu e-mailowych powiadomie\u0144 o&nbsp;interesuj\u0105cych ofertach lub&nbsp;tre\u015bciach, kt\u00f3re w&nbsp;niekt\u00f3rych przypadkach zawieraj\u0105 informacje handlowe;<\/li>\n<li>prowadzenie innego rodzaju dzia\u0142a\u0144 analitycznych oraz&nbsp;statystycznych, jak r\u00f3wnie\u017c zwi\u0105zanych z&nbsp;marketingiem bezpo\u015brednim towar\u00f3w i&nbsp;us\u0142ug (przesy\u0142anie informacji handlowych drog\u0105 elektroniczn\u0105 oraz&nbsp;dzia\u0142ania telemarketingowe).<\/li>\n<\/ol>\n<\/li>\n<\/ol>\n<\/li>\n<li><strong>PLIKI COOKIES ORAZ PODOBNA TECHNOLOGIA<\/strong>\n<ol>\n<li>Administrator wykorzystuje pliki cookies g\u0142\u00f3wnie w&nbsp;celu dostarczania U\u017cytkownikowi us\u0142ug \u015bwiadczonych drog\u0105 elektroniczn\u0105 oraz&nbsp;poprawy jako\u015bci tych us\u0142ug. W zwi\u0105zku z&nbsp;tym Administrator oraz&nbsp;inne podmioty \u015bwiadcz\u0105ce na&nbsp;jego rzecz us\u0142ugi analityczne oraz&nbsp;statystyczne korzystaj\u0105 z&nbsp;plik\u00f3w cookies, przechowuj\u0105c informacje lub&nbsp;uzyskuj\u0105c dost\u0119p do&nbsp;informacji ju\u017c przechowywanych w&nbsp;telekomunikacyjnym urz\u0105dzeniu ko\u0144cowym U\u017cytkownika (komputer, telefon, tablet itp.). Korzystanie z&nbsp;plik\u00f3w cookies w&nbsp;ramach Serwisu nie ma na&nbsp;celu identyfikacji U\u017cytkownik\u00f3w. Polityka reguluje przetwarzanie danych zwi\u0105zane z&nbsp;korzystaniem z&nbsp;w\u0142asnych plik\u00f3w cookies.\n<p><strong>NIEZB\u0118DNE PLIKI COOKIES <\/strong><\/li>\n<li>Administrator wykorzystuje niezb\u0119dne pliki cookies przede wszystkim w&nbsp;celu dostarczania U\u017cytkownikom us\u0142ug oraz&nbsp;podstawowych funkcjonalno\u015bci Serwisu, z&nbsp;kt\u00f3rych U\u017cytkownik chce skorzysta\u0107. Niezb\u0119dne pliki cookies mog\u0105 by\u0107 instalowane wy\u0142\u0105cznie przez&nbsp;Administratora za&nbsp;po\u015brednictwem Serwisu.<\/li>\n<li>Podstaw\u0105 prawn\u0105 przetwarzania danych w&nbsp;zwi\u0105zku ze stosowaniem niezb\u0119dnych plik\u00f3w cookies jest niezb\u0119dno\u015b\u0107 przetwarzania do&nbsp;wykonania umowy (art. 6 ust. 1 lit. b RODO).\n<p><strong>FUNKCJONALNE I ANALITYCZNE PLIKI COOKIES<\/strong><\/li>\n<li>Funkcjonalne pliki cookies s\u0105 stosowane w&nbsp;celu zapami\u0119tania i&nbsp;dostosowania Serwisu do&nbsp;wybor\u00f3w U\u017cytkownika. Funkcjonalne pliki cookies mog\u0105 by\u0107 instalowane przez&nbsp;Administratora za&nbsp;po\u015brednictwem Serwisu.<\/li>\n<li>Analityczne pliki cookies umo\u017cliwiaj\u0105 pozyskanie informacji takich jak liczba wizyt i&nbsp;\u017ar\u00f3de\u0142 ruchu w&nbsp;Serwisie. S\u0105 one stosowane w&nbsp;celu ustalenia, kt\u00f3re strony s\u0105 bardziej, a&nbsp;kt\u00f3re mniej popularne, i&nbsp;zrozumie\u0107, jak U\u017cytkownicy poruszaj\u0105 si\u0119 po&nbsp;stronie poprzez prowadzenie statystyk dotycz\u0105cych ruchu w&nbsp;Serwisie. Przetwarzanie danych odbywa si\u0119 w&nbsp;celu poprawy wydajno\u015bci Serwisu. Informacje zbierane przez&nbsp;te pliki cookie s\u0105 agregowane, nie maj\u0105 wi\u0119c&nbsp;na celu ustalenia Twojej to\u017csamo\u015bci. Funkcjonalne pliki cookies mog\u0105 by\u0107 instalowane przez&nbsp;Administratora za&nbsp;po\u015brednictwem Serwisu.<\/li>\n<li>Podstaw\u0105 prawn\u0105 przetwarzania danych osobowych w&nbsp;zwi\u0105zku ze stosowaniem funkcjonalnych i&nbsp;analitycznych plik\u00f3w cookies przez&nbsp;Administratora, w&nbsp;tym celu jest jego uzasadniony interes (art. 6 ust. 1 lit. f RODO), polegaj\u0105cy na&nbsp;zapewnieniu najwy\u017cszej jako\u015bci us\u0142ug \u015bwiadczonych w&nbsp;Serwisie.<\/li>\n<li>Przetwarzanie danych osobowych w&nbsp;zwi\u0105zku z&nbsp;wykorzystaniem funkcjonalnych i&nbsp;analitycznych plik\u00f3w cookies jest uzale\u017cnione od uzyskania zgody U\u017cytkownika na&nbsp;wykorzystanie (osobno) funkcjonalnych i&nbsp;analitycznych plik\u00f3w cookies za&nbsp;po\u015brednictwem platformy zarz\u0105dzania zgod\u0105 cookies. Zgoda ta mo\u017ce by\u0107 w&nbsp;ka\u017cdym momencie wycofana za&nbsp;po\u015brednictwem tej platformy.\n<p><strong>REKLAMOWE PLIKI COOKIES <\/strong><\/li>\n<li>Reklamowe pliki cookies pozwalaj\u0105 na&nbsp;dopasowanie wy\u015bwietlanych tre\u015bci reklamowych do&nbsp;zainteresowa\u0144 U\u017cytkownik\u00f3w w&nbsp;ramach Serwisu oraz&nbsp;poza Serwisem. Na podstawie informacji z&nbsp;tych plik\u00f3w cookies i&nbsp;aktywno\u015bci U\u017cytkownika w&nbsp;innych serwisach jest budowany profil zainteresowa\u0144 U\u017cytkownika. Reklamowe pliki cookies mog\u0105 by\u0107 instalowane przez&nbsp;Administratora za&nbsp;po\u015brednictwem naszej strony internetowej.<\/li>\n<li>Podstaw\u0105 prawn\u0105 przetwarzania danych osobowych w&nbsp;zwi\u0105zku ze stosowaniem reklamowych plik\u00f3w cookies przez&nbsp;Administratora, w&nbsp;tym celu jest jego uzasadniony interes (art. 6 ust. 1 lit. f) RODO), polegaj\u0105cy na&nbsp;zapewnieniu najwy\u017cszej jako\u015bci us\u0142ug \u015bwiadczonych w&nbsp;Serwisie.<\/li>\n<li>Przetwarzanie danych osobowych w&nbsp;zwi\u0105zku z&nbsp;wykorzystaniem reklamowych plik\u00f3w cookies jest mo\u017cliwe po&nbsp;uzyskaniu zgody U\u017cytkownika na&nbsp;wykorzystanie zgody za&nbsp;po\u015brednictwem platformy zarz\u0105dzania zgod\u0105. Zgoda ta mo\u017ce by\u0107 w&nbsp;ka\u017cdym momencie wycofana za&nbsp;po\u015brednictwem tej platformy.<\/li>\n<\/ol>\n<\/li>\n<li><strong>OKRES PRZETWARZANIA DANYCH OSOBOWYCH<\/strong>\n<ol>\n<li>Okres przetwarzania danych przez&nbsp;Administratora zale\u017cy od rodzaju \u015bwiadczonej us\u0142ugi i&nbsp;celu przetwarzania. Co do&nbsp;zasady dane przetwarzane s\u0105 przez&nbsp;czas \u015bwiadczenia us\u0142ugi lub&nbsp;realizowania zam\u00f3wienia, do&nbsp;czasu wycofania wyra\u017conej zgody lub&nbsp;zg\u0142oszenia skutecznego sprzeciwu wzgl\u0119dem przetwarzania danych w&nbsp;przypadkach, gdy podstaw\u0105 prawn\u0105 przetwarzania danych jest prawnie uzasadniony interes Administratora.<\/li>\n<li>Okres przetwarzania danych mo\u017ce by\u0107 przed\u0142u\u017cony w&nbsp;przypadku, gdy przetwarzanie jest niezb\u0119dne do&nbsp;ustalenia i&nbsp;dochodzenia ewentualnych roszcze\u0144 lub&nbsp;obrony przed roszczeniami, a&nbsp;po tym czasie jedynie w&nbsp;przypadku i&nbsp;w zakresie, w&nbsp;jakim b\u0119d\u0105 wymaga\u0107 tego przepisy prawa. Po up\u0142ywie okresu przetwarzania dane s\u0105 nieodwracalnie usuwane lub&nbsp;anonimizowane.<\/li>\n<\/ol>\n<\/li>\n<li><strong>UPRAWNIENIA U\u017bYTKOWNIKA<\/strong>\n<ol>\n<li>U\u017cytkownikowi przys\u0142uguje prawo dost\u0119pu do&nbsp;tre\u015bci danych oraz&nbsp;\u017c\u0105dania ich sprostowania, usuni\u0119cia, ograniczenia przetwarzania, prawo do&nbsp;przenoszenia danych oraz&nbsp;prawo wniesienia sprzeciwu wzgl\u0119dem przetwarzania danych, a&nbsp;tak\u017ce prawo wniesienia skargi do&nbsp;organu nadzorczego zajmuj\u0105cego si\u0119 ochron\u0105 danych osobowych.<\/li>\n<li>U\u017cytkownik ma prawo zg\u0142oszenia sprzeciwu wzgl\u0119dem przetwarzania danych dla&nbsp;cel\u00f3w marketingowych, je\u015bli przetwarzanie odbywa si\u0119 w&nbsp;zwi\u0105zku z&nbsp;prawnie uzasadnionym interesem Administratora, a&nbsp;tak\u017ce \u2013 z&nbsp;przyczyn zwi\u0105zanych ze szczeg\u00f3ln\u0105 sytuacj\u0105 U\u017cytkownika \u2013 w&nbsp;innych przypadkach, gdy podstaw\u0105 prawn\u0105 przetwarzania danych jest prawnie uzasadniony interes Administratora (np. w&nbsp;zwi\u0105zku z&nbsp;realizacj\u0105 cel\u00f3w analitycznych i&nbsp;statystycznych).<\/li>\n<\/ol>\n<\/li>\n<li><strong>ODBIORCY DANYCH<\/strong>\n<ol>\n<li>W zwi\u0105zku z&nbsp;realizacj\u0105 us\u0142ug dane osobowe b\u0119d\u0105 ujawniane zewn\u0119trznym podmiotom, w&nbsp;tym w&nbsp;szczeg\u00f3lno\u015bci dostawcom odpowiedzialnym za&nbsp;obs\u0142ug\u0119 system\u00f3w informatycznych, podmiotom \u015bwiadcz\u0105cym us\u0142ugi marketingowe.<\/li>\n<li>Administrator zastrzega sobie prawo ujawnienia wybranych informacji dotycz\u0105cych U\u017cytkownika w\u0142a\u015bciwym organom b\u0105d\u017a&nbsp;osobom trzecim, kt\u00f3re zg\u0142osz\u0105 \u017c\u0105danie udzielenia takich informacji, opieraj\u0105c si\u0119 na&nbsp;odpowiedniej podstawie prawnej oraz&nbsp;zgodnie z&nbsp;przepisami obowi\u0105zuj\u0105cego prawa.<\/li>\n<\/ol>\n<\/li>\n<li><strong>PRZEKAZYWANIE DANYCH POZA EOG<\/strong>\n<ol>\n<li>Poziom ochrony danych osobowych poza Europejskim Obszarem Gospodarczym (EOG) r\u00f3\u017cni si\u0119 od tego zapewnianego przez&nbsp;prawo europejskie. Z tego powodu Administrator przekazuje dane osobowe poza EOG tylko wtedy, gdy jest to konieczne i&nbsp;z zapewnieniem odpowiedniego stopnia ochrony, przede wszystkim poprzez:\n<ol>\n<li>wsp\u00f3\u0142prac\u0119 z&nbsp;podmiotami przetwarzaj\u0105cymi dane osobowe w&nbsp;pa\u0144stwach, w&nbsp;odniesieniu do&nbsp;kt\u00f3rych zosta\u0142a wydana stosowna decyzja Komisji Europejskiej dotycz\u0105ca stwierdzenia zapewnienia odpowiedniego stopnia ochrony danych osobowych;<\/li>\n<li>stosowanie standardowych klauzul umownych wydanych przez&nbsp;Komisj\u0119 Europejsk\u0105;<\/li>\n<li>stosowanie wi\u0105\u017c\u0105cych regu\u0142 korporacyjnych, zatwierdzonych przez&nbsp;w\u0142a\u015bciwy organ nadzorczy.<\/li>\n<\/ol>\n<\/li>\n<li>Administrator zawsze informuje o&nbsp;zamiarze przekazania danych osobowych poza EOG na&nbsp;etapie ich zbierania.<\/li>\n<\/ol>\n<\/li>\n<li><strong>BEZPIECZE\u0143STWO DANYCH OSOBOWYCH<\/strong>\n<ol>\n<li>Administrator na&nbsp;bie\u017c\u0105co prowadzi analiz\u0119 ryzyka w&nbsp;celu zapewnienia, \u017ce&nbsp;dane osobowe przetwarzane s\u0105 przez&nbsp;niego w&nbsp;spos\u00f3b bezpieczny \u2013 zapewniaj\u0105cy przede wszystkim, \u017ce&nbsp;dost\u0119p do&nbsp;danych maj\u0105 jedynie osoby upowa\u017cnione i&nbsp;jedynie w&nbsp;zakresie, w&nbsp;jakim jest to niezb\u0119dne ze wzgl\u0119du na&nbsp;wykonywane przez&nbsp;nie zadania. Administrator dba o&nbsp;to, by wszystkie operacje na&nbsp;danych osobowych by\u0142y rejestrowane i&nbsp;dokonywane jedynie przez&nbsp;uprawnionych pracownik\u00f3w i&nbsp;wsp\u00f3\u0142pracownik\u00f3w.<\/li>\n<li>Administrator podejmuje wszelkie niezb\u0119dne dzia\u0142ania, by tak\u017ce jego podwykonawcy i&nbsp;inne podmioty wsp\u00f3\u0142pracuj\u0105ce dawa\u0142y gwarancj\u0119 stosowania odpowiednich \u015brodk\u00f3w bezpiecze\u0144stwa w&nbsp;ka\u017cdym przypadku, gdy przetwarzaj\u0105 dane osobowe na&nbsp;zlecenie Administratora.<\/li>\n<\/ol>\n<\/li>\n<li><strong>DANE KONTAKTOWE<\/strong>\n<ol>\n<li>Kontakt z&nbsp;Administratorem jest mo\u017cliwy poprzez adres e-mail rodo@lavieart.pl lub&nbsp;adres korespondencyjny: AQUILA Development Sp. z&nbsp;o.o., ul. Mielczarskiego 9 \/ U1, 91-067\u00a0\u0141\u00f3d\u017a.<\/li>\n<\/ol>\n<\/li>\n<li><strong>ZMIANY POLITYKI PRYWATNO\u015aCI <\/strong>\n<ol>\n<li>Polityka jest na&nbsp;bie\u017c\u0105co weryfikowana i&nbsp;w razie potrzeby aktualizowana.<\/li>\n<li>Aktualna wersja Polityki zosta\u0142a przyj\u0119ta i&nbsp;obowi\u0105zuje od 25.02.2025 r.<\/li>\n<\/ol>\n<\/li>\n<\/ol>\n    <\/div>\n<\/div>\n\n\n\n\n<div class=\"anchor\">\n    <div id=\"kontakt\"><\/div>\n<\/div>\n\n<div class=\"block-contact-black\" style=\"background-image: url('https:\/\/baltinvest.pl\/la-vie-art\/wp-content\/uploads\/2025\/02\/footer_bg2.webp');\" id=\"kontakt\">\n    <div class=\"form aosScroll100\">\n        <img decoding=\"async\" class=\"iconContact\" src=\"https:\/\/baltinvest.pl\/la-vie-art\/wp-content\/themes\/iam\/src\/images\/icon_contact.svg\" alt=\"Icon Contact\">\n        <h2>Um\u00f3w si\u0119 <span>na&nbsp;spotkanie<\/span><\/h2>\n                        <div class=\"cf7\">\n\n<div class=\"wpcf7 no-js\" id=\"wpcf7-f628-o1\" lang=\"pl-PL\" dir=\"ltr\" data-wpcf7-id=\"628\">\n<div class=\"screen-reader-response\"><p role=\"status\" aria-live=\"polite\" aria-atomic=\"true\"><\/p> <ul><\/ul><\/div>\n<form action=\"\/la-vie-art\/wp-json\/wp\/v2\/pages\/936#wpcf7-f628-o1\" method=\"post\" class=\"wpcf7-form init wpcf7-acceptance-as-validation\" aria-label=\"Formularz kontaktowy\" novalidate=\"novalidate\" data-status=\"init\">\n<fieldset class=\"hidden-fields-container\"><input type=\"hidden\" name=\"_wpcf7\" value=\"628\" \/><input type=\"hidden\" name=\"_wpcf7_version\" value=\"6.1.5\" \/><input type=\"hidden\" name=\"_wpcf7_locale\" value=\"pl_PL\" \/><input type=\"hidden\" name=\"_wpcf7_unit_tag\" value=\"wpcf7-f628-o1\" \/><input type=\"hidden\" name=\"_wpcf7_container_post\" value=\"0\" \/><input type=\"hidden\" name=\"_wpcf7_posted_data_hash\" value=\"\" \/><input type=\"hidden\" name=\"_wpcf7_recaptcha_response\" value=\"\" \/>\n<\/fieldset>\n<div class=\"uacf7-form-wrapper-container uacf7-form-628  \"><div class=\"inputsUp\">\n<div class=\"inputUp\"><span class=\"wpcf7-form-control-wrap\" data-name=\"your-name2\"><input size=\"40\" maxlength=\"400\" class=\"wpcf7-form-control wpcf7-text wpcf7-validates-as-required\" aria-required=\"true\" aria-invalid=\"false\" placeholder=\"Imi\u0119 i&nbsp;nazwisko\" value=\"\" type=\"text\" name=\"your-name2\" \/><\/span><\/div>\n<div class=\"inputUp\"><span class=\"wpcf7-form-control-wrap\" data-name=\"your-email2\"><input size=\"40\" maxlength=\"400\" class=\"wpcf7-form-control wpcf7-email wpcf7-validates-as-required wpcf7-text wpcf7-validates-as-email\" aria-required=\"true\" aria-invalid=\"false\" placeholder=\"E-mail\" value=\"\" type=\"email\" name=\"your-email2\" \/><\/span><\/div>\n<div class=\"inputUp\"><span class=\"wpcf7-form-control-wrap\" data-name=\"your-tel2\"><input size=\"40\" maxlength=\"400\" class=\"wpcf7-form-control wpcf7-tel wpcf7-validates-as-required wpcf7-text wpcf7-validates-as-tel\" aria-required=\"true\" aria-invalid=\"false\" placeholder=\"Telefon\" value=\"\" type=\"tel\" name=\"your-tel2\" \/><\/span><\/div>\n<\/div>\n<div class=\"inputDown\"><span class=\"wpcf7-form-control-wrap\" data-name=\"your-text2\"><input size=\"40\" maxlength=\"400\" class=\"wpcf7-form-control wpcf7-text wpcf7-validates-as-required\" aria-required=\"true\" aria-invalid=\"false\" placeholder=\"Wpisz wiadomo\u015b\u0107...\" value=\"\" type=\"text\" name=\"your-text2\" \/><\/span><\/div>\n\n<div class=\"accept\">\n<span class=\"wpcf7-form-control-wrap\" data-name=\"your-consent1\"><span class=\"wpcf7-form-control wpcf7-acceptance\"><span class=\"wpcf7-list-item\"><label><input type=\"checkbox\" name=\"your-consent1\" value=\"1\" aria-invalid=\"false\" \/><span class=\"wpcf7-list-item-label\">O\u015bwiadczam, \u017ce&nbsp;zapozna\u0142em si\u0119 z&nbsp;<a href=\"\/la-vie-art\/polityka\" target=\"_blank\">Polityk\u0105 prywatno\u015bci<\/a>.<\/span><\/label><\/span><\/span><\/span>\n<\/div>\n\n<div class=\"accept\">\n<span class=\"wpcf7-form-control-wrap\" data-name=\"your-consent2\"><span class=\"wpcf7-form-control wpcf7-acceptance\"><span class=\"wpcf7-list-item\"><label><input type=\"checkbox\" name=\"your-consent2\" value=\"1\" aria-invalid=\"false\" \/><span class=\"wpcf7-list-item-label\">Wyra\u017cam zgod\u0119 na&nbsp;u\u017cywanie przez&nbsp;AQUILA Development Sp. z&nbsp;o.o. telekomunikacyjnych urz\u0105dze\u0144 ko\u0144cowych, kt\u00f3rych jestem u\u017cytkownikiem, dla&nbsp;cel\u00f3w przesy\u0142ania informacji handlowej, w&nbsp;tym marketingu bezpo\u015bredniego zgodnie z&nbsp;art. 398 ustawy z&nbsp;dnia 12 lipca 2024 r. &#8211; Prawo komunikacji elektronicznej (Dz.U. 2024 poz. 1221). W imieniu AQUILA Development Sp. z&nbsp;o.o. i&nbsp;na jej zlecenie, dzia\u0142ania marketingowe i&nbsp;sprzeda\u017cowe prowadzi\u0107 b\u0119dzie Balt Invest Sp. z&nbsp;o.o.\nJe\u017celi chcesz zapozna\u0107 si\u0119 z&nbsp;tre\u015bci\u0105 informacji o&nbsp;przetwarzaniu danych osobowych <a href=\"\/la-vie-art\/rodo\" target=\"_blank\">kliknij w&nbsp;ten link<\/a>.<\/span><\/label><\/span><\/span><\/span>\n<\/div>\n\n<div id=\"btnPrimary\">\n<input class=\"wpcf7-form-control wpcf7-submit has-spinner\" type=\"submit\" value=\"Um\u00f3w si\u0119 na&nbsp;spotkanie\" \/>\n<\/div><\/div><input type='hidden' class='wpcf7-pum' value='{\"closepopup\":false,\"closedelay\":0,\"openpopup\":false,\"openpopup_id\":0}' \/><div class=\"wpcf7-response-output\" aria-hidden=\"true\"><\/div>\n<\/form>\n<\/div>\n        <\/div>\n    <\/div>\n<\/div>","protected":false},"excerpt":{"rendered":"","protected":false},"author":3,"featured_media":0,"parent":0,"menu_order":0,"comment_status":"closed","ping_status":"closed","template":"","meta":{"inline_featured_image":false,"footnotes":""},"class_list":["post-936","page","type-page","status-publish","hentry"],"acf":[],"_links":{"self":[{"href":"https:\/\/baltinvest.pl\/la-vie-art\/wp-json\/wp\/v2\/pages\/936","targetHints":{"allow":["GET"]}}],"collection":[{"href":"https:\/\/baltinvest.pl\/la-vie-art\/wp-json\/wp\/v2\/pages"}],"about":[{"href":"https:\/\/baltinvest.pl\/la-vie-art\/wp-json\/wp\/v2\/types\/page"}],"author":[{"embeddable":true,"href":"https:\/\/baltinvest.pl\/la-vie-art\/wp-json\/wp\/v2\/users\/3"}],"replies":[{"embeddable":true,"href":"https:\/\/baltinvest.pl\/la-vie-art\/wp-json\/wp\/v2\/comments?post=936"}],"version-history":[{"count":1,"href":"https:\/\/baltinvest.pl\/la-vie-art\/wp-json\/wp\/v2\/pages\/936\/revisions"}],"predecessor-version":[{"id":1442,"href":"https:\/\/baltinvest.pl\/la-vie-art\/wp-json\/wp\/v2\/pages\/936\/revisions\/1442"}],"wp:attachment":[{"href":"https:\/\/baltinvest.pl\/la-vie-art\/wp-json\/wp\/v2\/media?parent=936"}],"curies":[{"name":"wp","href":"https:\/\/api.w.org\/{rel}","templated":true}]}}