{"id":1426,"date":"2025-09-27T17:44:57","date_gmt":"2025-09-27T15:44:57","guid":{"rendered":"https:\/\/baltinvest.pl\/la-vie-art\/?page_id=1426"},"modified":"2025-09-27T17:44:57","modified_gmt":"2025-09-27T15:44:57","slug":"apartments","status":"publish","type":"page","link":"https:\/\/baltinvest.pl\/la-vie-art\/en\/apartments\/","title":{"rendered":"Apartments"},"content":{"rendered":"\n<div class=\"block-flats-360\">\n    <div class=\"container\" style=\"background: \">\n                <iframe id=\"qupto-cloud-viewer-id\" class=\"qupto-cloud_viewer\" loading=\"lazy\" src=\n\t\t\t\t\t\t\t\t\t\t\t\t\t\t\t\t\t\t\t\t\t\t  \n\t\t\t\t\t\t\t\t\t\t\t\t\t\t\t\t\t\t\t\t\t\t  https:\/\/baltinvest-lodz-lavieart.sensevr.pl\/investment\/225 allowfullscreen><\/iframe>\n    <\/div>\n<\/div>\n\n<style>\n    .block-flats-360 {\n        background:&nbsp;;\n        color:&nbsp;;\n    }\n<\/style>\n\n\n\n<center><button id=\"prospektBtnf\" aria-label=\"Read the prospectus\" \n  style=\"height:56px; padding:0 28px; background:linear-gradient(90deg,rgba(197, 174, 122, 1) 0%, rgba(224, 202, 150, 1) 50%, rgba(246, 224, 173, 1) 100%); color:white; border:0; border-radius:12px; font-weight:600; font-size:18px; cursor:pointer; display:inline-flex; align-items:center; justify-content:center; gap:12px; box-shadow:0 6px 14px rgba(44,74,160,.25);\">\n  <svg viewBox=\"0 0 24 24\" fill=\"none\" aria-hidden style=\"width:20px; height:20px; display:inline-block;\">\n    <path d=\"M12 2v14\" stroke=\"currentColor\" stroke-width=\"1.6\" stroke-linecap=\"round\" stroke-linejoin=\"round\"><\/path>\n    <path d=\"M5 9l7-7 7 7\" stroke=\"currentColor\" stroke-width=\"1.6\" stroke-linecap=\"round\" stroke-linejoin=\"round\"><\/path>\n    <path d=\"M21 22H3\" stroke=\"currentColor\" stroke-width=\"1.6\" stroke-linecap=\"round\" stroke-linejoin=\"round\"><\/path>\n  <\/svg>\n  Read the prospectus\n<\/button><br><br>\n<p>Storage unit K17 is assigned to apartment M5.10, while storage unit K16 is assigned to M5.8.<\/p><\/center><script>\n  const PDF_URL = 'https:\/\/baltinvest.pl\/la-vie-art\/wp-content\/uploads\/2025\/09\/Prospekt-informacyjny.pdf';\n  document.getElementById('prospektBtnf').addEventListener('click', () => {\n    window.open(PDF_URL, '_blank', 'noopener');\n  });\n<\/script>\n\n<br><br>\n\n\n<iframe id=\"realestate-table-iframe\" src=\"https:\/\/baltinvest.voxdeveloper.com\/webservice\/realestate-table-iframe\/api_key\/ed2c14ab28f59f6e8af4a0004cf818193e8cef0d\/investment_id\/3 \" title=\"Realestate table iframe\">\n<\/iframe>\n<style>\n#realestate-table-iframe {\n  width: 100%;\ndisplay:block;\nmargin: 0 auto 50px auto;\nmax-width: 1500px;\n  height: 800px;\n\tmax-height: 800px;\n}\n<\/style>\n<script>\n    document.addEventListener('DOMContentLoaded', function() {\n        let iframeRealestateList = document.querySelector('iframe#realestate-table-iframe');\n        function resizeIframe(iframe) {\n            window.addEventListener('message', function(event) {\n                if (!event.origin.startsWith('https:\/\/baltinvest.voxdeveloper.com')) {\n                    return;\n                }\n                if (!event.data||!event.data.type||event.source!==iframe.contentWindow) {\n                    return;\n                }\n                if (event.data.type === 'RESIZE_CALCULATOR') {\n                    iframe.style.height = event.data.height + 'px';\n                }\n                if (event.data.type === 'SHOW_MODAL_REQUEST') {\n                    const rect = iframeRealestateList.getBoundingClientRect();\n                    const windowRect = {\n                        width: window.innerWidth,\n                        height: window.innerHeight,\n                        scrollY: window.scrollY,\n                    };\n                    event.source.postMessage({\n                        type: 'MODAL_VIEWPORT',\n                        rect,\n                        windowRect\n                    }, event.origin);\n                }\n            });\n        }\n        if (iframeRealestateList) {\n            resizeIframe(iframeRealestateList);\n        }\n    });\n<\/script>\n\n\n\n<div class=\"anchor\">\n    <div id=\"kontakt\"><\/div>\n<\/div>\n\n<div class=\"block-contact-black\" style=\"background-image: url('https:\/\/baltinvest.pl\/la-vie-art\/wp-content\/uploads\/2025\/02\/footer_bg2.webp');\" id=\"kontakt\">\n    <div class=\"form aosScroll100\">\n        <img decoding=\"async\" class=\"iconContact\" src=\"https:\/\/baltinvest.pl\/la-vie-art\/wp-content\/themes\/iam\/src\/images\/icon_contact.svg\" alt=\"Icon Contact\">\n        <h2>Book a&nbsp;<span>meeting<\/span><\/h2>\n                        <div class=\"cf7\">\n\n<div class=\"wpcf7 no-js\" id=\"wpcf7-f628-o1\" lang=\"pl-PL\" dir=\"ltr\" data-wpcf7-id=\"628\">\n<div class=\"screen-reader-response\"><p role=\"status\" aria-live=\"polite\" aria-atomic=\"true\"><\/p> <ul><\/ul><\/div>\n<form action=\"\/la-vie-art\/wp-json\/wp\/v2\/pages\/1426#wpcf7-f628-o1\" method=\"post\" class=\"wpcf7-form init wpcf7-acceptance-as-validation\" aria-label=\"Formularz kontaktowy\" novalidate=\"novalidate\" data-status=\"init\">\n<fieldset class=\"hidden-fields-container\"><input type=\"hidden\" name=\"_wpcf7\" value=\"628\" \/><input type=\"hidden\" name=\"_wpcf7_version\" value=\"6.1.5\" \/><input type=\"hidden\" name=\"_wpcf7_locale\" value=\"pl_PL\" \/><input type=\"hidden\" name=\"_wpcf7_unit_tag\" value=\"wpcf7-f628-o1\" \/><input type=\"hidden\" name=\"_wpcf7_container_post\" value=\"0\" \/><input type=\"hidden\" name=\"_wpcf7_posted_data_hash\" value=\"\" \/><input type=\"hidden\" name=\"_wpcf7_recaptcha_response\" value=\"\" \/>\n<\/fieldset>\n<div class=\"uacf7-form-wrapper-container uacf7-form-628  \"><div class=\"inputsUp\">\n<div class=\"inputUp\"><span class=\"wpcf7-form-control-wrap\" data-name=\"your-name2\"><input size=\"40\" maxlength=\"400\" class=\"wpcf7-form-control wpcf7-text wpcf7-validates-as-required\" aria-required=\"true\" aria-invalid=\"false\" placeholder=\"Imi\u0119 i&nbsp;nazwisko\" value=\"\" type=\"text\" name=\"your-name2\" \/><\/span><\/div>\n<div class=\"inputUp\"><span class=\"wpcf7-form-control-wrap\" data-name=\"your-email2\"><input size=\"40\" maxlength=\"400\" class=\"wpcf7-form-control wpcf7-email wpcf7-validates-as-required wpcf7-text wpcf7-validates-as-email\" aria-required=\"true\" aria-invalid=\"false\" placeholder=\"E-mail\" value=\"\" type=\"email\" name=\"your-email2\" \/><\/span><\/div>\n<div class=\"inputUp\"><span class=\"wpcf7-form-control-wrap\" data-name=\"your-tel2\"><input size=\"40\" maxlength=\"400\" class=\"wpcf7-form-control wpcf7-tel wpcf7-validates-as-required wpcf7-text wpcf7-validates-as-tel\" aria-required=\"true\" aria-invalid=\"false\" placeholder=\"Telefon\" value=\"\" type=\"tel\" name=\"your-tel2\" \/><\/span><\/div>\n<\/div>\n<div class=\"inputDown\"><span class=\"wpcf7-form-control-wrap\" data-name=\"your-text2\"><input size=\"40\" maxlength=\"400\" class=\"wpcf7-form-control wpcf7-text wpcf7-validates-as-required\" aria-required=\"true\" aria-invalid=\"false\" placeholder=\"Wpisz wiadomo\u015b\u0107...\" value=\"\" type=\"text\" name=\"your-text2\" \/><\/span><\/div>\n\n<div class=\"accept\">\n<span class=\"wpcf7-form-control-wrap\" data-name=\"your-consent1\"><span class=\"wpcf7-form-control wpcf7-acceptance\"><span class=\"wpcf7-list-item\"><label><input type=\"checkbox\" name=\"your-consent1\" value=\"1\" aria-invalid=\"false\" \/><span class=\"wpcf7-list-item-label\">O\u015bwiadczam, \u017ce&nbsp;zapozna\u0142em si\u0119 z&nbsp;<a href=\"\/la-vie-art\/polityka\" target=\"_blank\">Polityk\u0105 prywatno\u015bci<\/a>.<\/span><\/label><\/span><\/span><\/span>\n<\/div>\n\n<div class=\"accept\">\n<span class=\"wpcf7-form-control-wrap\" data-name=\"your-consent2\"><span class=\"wpcf7-form-control wpcf7-acceptance\"><span class=\"wpcf7-list-item\"><label><input type=\"checkbox\" name=\"your-consent2\" value=\"1\" aria-invalid=\"false\" \/><span class=\"wpcf7-list-item-label\">Wyra\u017cam zgod\u0119 na&nbsp;u\u017cywanie przez&nbsp;AQUILA Development Sp. z&nbsp;o.o. telekomunikacyjnych urz\u0105dze\u0144 ko\u0144cowych, kt\u00f3rych jestem u\u017cytkownikiem, dla&nbsp;cel\u00f3w przesy\u0142ania informacji handlowej, w&nbsp;tym marketingu bezpo\u015bredniego zgodnie z&nbsp;art. 398 ustawy z&nbsp;dnia 12 lipca 2024 r. &#8211; Prawo komunikacji elektronicznej (Dz.U. 2024 poz. 1221). W imieniu AQUILA Development Sp. z&nbsp;o.o. i&nbsp;na jej zlecenie, dzia\u0142ania marketingowe i&nbsp;sprzeda\u017cowe prowadzi\u0107 b\u0119dzie Balt Invest Sp. z&nbsp;o.o.\nJe\u017celi chcesz zapozna\u0107 si\u0119 z&nbsp;tre\u015bci\u0105 informacji o&nbsp;przetwarzaniu danych osobowych <a href=\"\/la-vie-art\/rodo\" target=\"_blank\">kliknij w&nbsp;ten link<\/a>.<\/span><\/label><\/span><\/span><\/span>\n<\/div>\n\n<div id=\"btnPrimary\">\n<input class=\"wpcf7-form-control wpcf7-submit has-spinner\" type=\"submit\" value=\"Um\u00f3w si\u0119 na&nbsp;spotkanie\" \/>\n<\/div><\/div><input type='hidden' class='wpcf7-pum' value='{\"closepopup\":false,\"closedelay\":0,\"openpopup\":false,\"openpopup_id\":0}' \/><div class=\"wpcf7-response-output\" aria-hidden=\"true\"><\/div>\n<\/form>\n<\/div>\n        <\/div>\n    <\/div>\n<\/div>","protected":false},"excerpt":{"rendered":"<p>Read the prospectus Storage unit K17 is assigned to apartment M5.10, while storage unit K16 is assigned to M5.8.<\/p>\n","protected":false},"author":2,"featured_media":0,"parent":0,"menu_order":0,"comment_status":"closed","ping_status":"closed","template":"","meta":{"inline_featured_image":false,"footnotes":""},"class_list":["post-1426","page","type-page","status-publish","hentry"],"acf":[],"_links":{"self":[{"href":"https:\/\/baltinvest.pl\/la-vie-art\/wp-json\/wp\/v2\/pages\/1426","targetHints":{"allow":["GET"]}}],"collection":[{"href":"https:\/\/baltinvest.pl\/la-vie-art\/wp-json\/wp\/v2\/pages"}],"about":[{"href":"https:\/\/baltinvest.pl\/la-vie-art\/wp-json\/wp\/v2\/types\/page"}],"author":[{"embeddable":true,"href":"https:\/\/baltinvest.pl\/la-vie-art\/wp-json\/wp\/v2\/users\/2"}],"replies":[{"embeddable":true,"href":"https:\/\/baltinvest.pl\/la-vie-art\/wp-json\/wp\/v2\/comments?post=1426"}],"version-history":[{"count":3,"href":"https:\/\/baltinvest.pl\/la-vie-art\/wp-json\/wp\/v2\/pages\/1426\/revisions"}],"predecessor-version":[{"id":1429,"href":"https:\/\/baltinvest.pl\/la-vie-art\/wp-json\/wp\/v2\/pages\/1426\/revisions\/1429"}],"wp:attachment":[{"href":"https:\/\/baltinvest.pl\/la-vie-art\/wp-json\/wp\/v2\/media?parent=1426"}],"curies":[{"name":"wp","href":"https:\/\/api.w.org\/{rel}","templated":true}]}}